e t(11). Let m = 92 + a. Suppose m*p - 31*p - 307 = 0. Is p prime?
True
Let o be -7 + 176 + 1*-3. Suppose 76 = 19*m - 0*m. Suppose 3*g - l = 4*g - 74, -2*g + m*l = -o. Is g composite?
True
Let s = -568 + 564. Is s + 38/8 - 56097/(-36) a composite number?
False
Suppose -5961282 - 4397628 = -90*l. Is l prime?
True
Let b = 106327 + -59698. Suppose -b = -5*f + 3*x, -2*f + 21*x + 18650 = 19*x. Is f a composite number?
True
Suppose 0 = 27*i - 34*i + 276108. Let t = i - 26227. Is t a composite number?
False
Suppose s - 849 - 7418 = 2*i, 2*i + 4 = 0. Is s composite?
False
Let i = -13984 - -23907. Is i composite?
False
Let y(l) = -59*l + 17. Let u(g) = g**3 - 8*g**2 + 9*g + 7. Let h be u(6). Let i be y(h). Let a = 449 + i. Is a a composite number?
True
Suppose 3*h + 5 = 2*h, s - 4*h - 20 = 0. Suppose s*b = -5*b + 8260. Suppose -4*t - b = -8*t. Is t a composite number?
True
Suppose 5051 = 19*m + 966. Suppose -422 = -3*w - t + m, 3*w = -3*t + 645. Is w composite?
False
Let o = -87018 + 325283. Is o a composite number?
True
Let i(a) = 786*a**2 - 19*a + 1783. Is i(20) a prime number?
True
Is ((-1)/8)/(5 + (-13099610)/2619920) a prime number?
True
Let x(l) = 220*l + 881. Let c be x(-4). Let u(a) = -375*a**2 + 2*a - 6. Let f(h) = -h**2 + 1. Let y(w) = -4*f(w) - u(w). Is y(c) a prime number?
True
Let q = 108413 - 71624. Is q composite?
True
Suppose 13778828 - 4646441 = 33*m. Is m prime?
True
Let f(c) = -6 - c**2 + 2*c**2 + 4*c**2 - c**2. Let h be f(-4). Let i = h + 153. Is i a composite number?
False
Suppose -2*a = 5*l - 1403 - 2158, a - 1783 = -3*l. Let s = a - 387. Is s prime?
True
Let u = 302390 + 844297. Is u composite?
True
Suppose v + 4*n = 5, -2*n - 31 = -2*v - 11. Suppose 15*l + v*l = 513960. Is l prime?
False
Let h(o) = 81*o**2 - o**3 - 82*o**2 + 1 + 6 + 21*o. Let d be h(-5). Suppose 210 + 3229 = 2*m + 5*w, -2*w - 3404 = -d*m. Is m prime?
False
Let u be (5/(-2) + 1)/(3/(-6)). Suppose -2*g - 5*f = -0*g + 2806, u*g - f + 4192 = 0. Is 27/63 + g/(-21) prime?
True
Suppose 2*g + 28*f = 33*f + 447361, -3*f = -4*g + 894757. Is g composite?
True
Let a(y) = -9*y**3 + 19*y**2 + 13*y + 3. Suppose -5*o - 42 = -2*i, 2*i + 31 = -4*o + i. Is a(o) a prime number?
False
Suppose 5*d = -2*n + 5907019, -d + 1181423 = 303*n - 305*n. Is d a composite number?
False
Suppose -5*j = -4*j + 4. Let t be 2*(-4 - 18/j). Is 2/(t/(3355/10)) prime?
False
Suppose 0 = 4*c + 28*c + 1056. Let l(b) = -346*b - 199. Is l(c) composite?
True
Let l(w) = -w**2 - 17*w - 37. Let c be l(-15). Let f(h) = h**2 + 6*h - 5. Let d be f(c). Suppose 4*t + 3420 = 5*g + 3*t, 1380 = 2*g + d*t. Is g a prime number?
False
Suppose c - 463402 = -c - 12*j, 4*c - 926804 = 4*j. Is c composite?
False
Suppose -3*j - 60357 = -5*q, -4*j - 2*q - 24742 = 55708. Let b = -10757 - j. Is b composite?
True
Suppose -2*s + 709057 = -6*j - 536533, -2491164 = -4*s + 4*j. Is s a prime number?
False
Let h = -65873 + 106450. Is h a prime number?
True
Suppose 0 = z + 3*r - 1416064, -20*r = -14*z - 17*r + 19825166. Is z a composite number?
True
Let m(v) = 26641*v - 78. Let a(b) = -6660*b + 21. Let y(p) = 9*a(p) + 2*m(p). Is y(-5) a prime number?
False
Let t(s) = 3*s + 38. Let p be t(-12). Let m(n) = -4*n + 9*n**2 + 28*n**p + 2 + 72*n**2. Is m(3) composite?
False
Suppose -4*n = 3*x - 90299, -339*x + 343*x - 90296 = -4*n. Is n a prime number?
False
Let t be (-4 - 0)/((-104)/(-28) - 4). Is 35/t + 171/6 a prime number?
True
Is (6312/(-768)*8)/(0 + 2/(-16424)) composite?
True
Suppose 4*c + 2*c = -0*c + 6314718. Is c composite?
True
Let v be (0 - 1) + (0 - -49722). Suppose -v = -920*x + 913*x. Is x prime?
True
Is (-64)/(-4) - 21 - (1 - -2) - -306891 prime?
True
Is (3 + -1*11534)*(4 + -5) a composite number?
True
Let o(n) = -n**3 + 26*n**2 - 20*n - 13. Let y = -53 - -73. Is o(y) a prime number?
True
Suppose 5*d = 3*j - 39920 + 246190, d - 3*j - 41254 = 0. Is d a prime number?
False
Suppose -96172021 + 11304475 = -283*f - 339*f. Is f prime?
False
Let i(v) = 2*v**3 + 34*v**2 + 28*v + 28. Let x be i(24). Suppose -5*q = -3*n + 28776, 0 = -n + 6*n + q - x. Is n a prime number?
True
Suppose 3*p + z = 4*z - 15, 5 = -5*p + z. Suppose p = 3*g - 5*g + 4. Suppose -594 = -2*u + 5*s, -5*u - g*s + 1551 = 2*s. Is u a composite number?
False
Let i(q) = -q**2 + 26*q - 43. Let g be i(24). Suppose -w - 24800 = -3*u, 5*w + 36255 = g*u - 5075. Is u prime?
False
Let x = -1083583 + 2498720. Is x composite?
False
Is (58 - 56)/(2/189041) composite?
False
Let u(v) = -v**2 + v - 1. Let m(f) = f**2 + 6*f + 11. Let g be m(-5). Let h(n) = 137*n**3 - 4*n**2 + 4*n - 9. Let a(s) = g*u(s) - h(s). Is a(-2) a prime number?
True
Let w(y) be the second derivative of 41*y**5/5 - y**4/12 - 11*y**3/6 + 9*y**2/2 - 47*y. Is w(5) composite?
True
Let d(h) = h**2 + 5*h - 10. Let k be d(-7). Suppose -5*m + 18 = k*m. Is ((-982)/4)/(m/(-4)) prime?
True
Is (-107)/((-15515)/29219124) - (0 - (-1)/5) prime?
True
Let w = 76771 - -303624. Is w composite?
True
Suppose 4*k - 28 = -4*f + k, -3*f + 5*k = 8. Let c(i) = -50*i + 498. Let l be c(10). Is (698/(-4))/(f/(-24)) - l composite?
False
Suppose 14 = -3*w + 101. Suppose 2*y + 5*k = w, 5*y - 25 = -2*k - k. Is -1 - 14*(-36)/y prime?
True
Let x(z) = 110*z - 34*z + 48 + 53*z + 3 + 16. Is x(6) a composite number?
True
Let p be (-1*(-55)/5)/((-1)/(-2)). Suppose 0 = -p*b + 29*b - 42567. Suppose 5*y - 10414 - b = 0. Is y prime?
True
Let x(v) = v**3 + 9*v**2 - 2*v - 8. Let a be x(-9). Suppose g + a = 6*g. Suppose y = -2*y - 4*u + 1081, 3*u = -g*y + 719. Is y composite?
False
Let n(y) = y**3 + 6*y**2 - 7*y + 7. Let t be n(-7). Let s be (8708/(-10))/((-2)/10). Suppose -s = -t*m + 4445. Is m prime?
False
Is ((-558)/(-155) - (3 - -1)) + 353322/30 composite?
False
Suppose 5*s - 8749 - 4020 = 3*u, 2*s - 5102 = 4*u. Let j(i) = s + 1089 - 1065 - i + i**2. Is j(0) a prime number?
True
Let s(a) = 5*a**2 - 18*a + 6. Let h(f) = f**2 + 1. Let r(g) = 4*h(g) - s(g). Let c be r(10). Suppose d - 133 = c. Is d composite?
False
Suppose 0 = -3*p - 3*d + 65748, 5*d - 65752 = p - 4*p. Suppose 2*l = 8398 + p. Is l/15 + (-6)/(-10) a composite number?
True
Let w be (8 + -13)*12*(-6)/45. Suppose 4*u = -w, -3*m - 3*u = -4*u - 9491. Is m a prime number?
True
Let r = 247250 - 138649. Is r composite?
True
Is (-245153)/(-9) + (-98)/441 a composite number?
False
Let s be 6/10 + 638/145. Suppose -4*l + s*k + 21174 = -35952, 5*l + k - 71393 = 0. Is l prime?
False
Let i = -78920 - -246043. Is (-4)/22 - i/(-121) prime?
True
Suppose -2*v = v + 15, h = -5*v - 25. Suppose -3*z - 5*z - 6368 = h. Let i = -87 - z. Is i a composite number?
False
Suppose 21002618 = -5117*c + 5143*c. Is c a composite number?
True
Let c be 130/8 + (-4)/16. Suppose 23 = 2*s - 3*x, -4*x + c = -s - 8*x. Suppose -2*z - h = s*h - 498, 3*z - 793 = 4*h. Is z composite?
True
Suppose 24*s = -12*s - 10*s. Suppose -45*v + 41*v - 4*o + 7416 = s, 0 = -v + o + 1852. Is v a composite number?
True
Let i = 0 + -15. Let x be (10/i)/2*-2274. Let q = x + -397. Is q a prime number?
False
Let l = 80488 - 43085. Is l composite?
True
Suppose -v - r + 3 = 0, 0 = -2*r - 2*r - 8. Suppose 5*a + 3 = 2*a + 5*c, 4*a = -v*c - 39. Is 79 - (-3)/((-4)/(-16)*a) a prime number?
False
Is (282835/(-10))/(((-12)/8)/3) a prime number?
False
Let a = 3219400 + -2257878. Is a composite?
True
Let m be 1*1/(-3 + -1)*-183476. Suppose -79121 = -10*z + m. Is z prime?
False
Let f = -2151 - -4138. Is f prime?
True
Suppose -8*y = -6*y + 6. Let z be (-9)/(3/9*y). Suppose 11*o = z*o + 4298. Is o prime?
False
Let j(o) = 94*o + 244. Let f be j(-6). Suppose 2*s + 835 + 73 = 0. Let x = f - s. Is x composite?
True
Let n(l) = -7*l**2 + 9*l - 37. Let p(a) = -7*a**2 + 9*a - 38. Let c(b) = 5*n(b) - 6*p(b). Is c(8) composite?
False
Let a = 961 + -906. Suppose -a*r - 50402 = -4*c - 57*r, 0 = 5*c - 5*r - 63010. Is c a composite number?
False
Let w(g) = 2*g + 6. Let x be w(13). Suppose 4*u + 4*m = x, -4*m = -34 + 14. Suppose -u*p + 1221 = -0*p. Is p a prime number?
False
Let y = 1783208 + -1188399. Is y a prime number?
False
Suppose 298846 + 201675 = 7*d. Is d a prime number?
True
Suppose j - 754814 = -124*y + 123*y, -5*j - y + 3774058 = 0. Is j a composite number?
False
Is (-6 - -1)/((-55)/7159999) a prime number?
False
Let m(z) be the first derivative of 10*z + 61/2*z**2 + 18